he prime factors of 2154351355.
5, 13, 31, 41, 89, 293
List the prime factors of 274299359.
274299359
List the prime factors of 941191742.
2, 470595871
What are the prime factors of 78738841?
78738841
What are the prime factors of 23548193?
2707, 8699
What are the prime factors of 81091741?
81091741
List the prime factors of 3012568521.
3, 17, 41, 1440731
List the prime factors of 218298557.
37, 569, 10369
List the prime factors of 72445103.
29, 2498107
List the prime factors of 62255082.
2, 3, 1153, 8999
What are the prime factors of 55121178?
2, 3, 7, 313, 599
What are the prime factors of 118953731?
13, 2287, 4001
List the prime factors of 23784495.
3, 5, 7, 29, 73, 107
What are the prime factors of 1546932238?
2, 17, 71, 773, 829
List the prime factors of 2066841690.
2, 3, 5, 6661, 10343
List the prime factors of 7094078163.
3, 23, 911, 37619
List the prime factors of 1057909281.
3, 11, 13, 2465989
What are the prime factors of 589134427?
7, 109, 113, 6833
What are the prime factors of 295122?
2, 3, 101, 487
What are the prime factors of 2939595?
3, 5, 195973
List the prime factors of 714610067.
73, 151, 241, 269
List the prime factors of 79645342.
2, 7, 97, 223, 263
List the prime factors of 3428173843.
31, 47, 2352899
What are the prime factors of 1917457558?
2, 958728779
What are the prime factors of 64680602?
2, 7, 101, 149, 307
List the prime factors of 39794895.
3, 5, 7, 4679
What are the prime factors of 100489517?
653, 153889
What are the prime factors of 75609378?
2, 3, 13, 61, 5297
What are the prime factors of 158387633?
41, 1283, 3011
List the prime factors of 31783913.
7, 29, 5399
What are the prime factors of 1450390440?
2, 3, 5, 503, 24029
What are the prime factors of 546328356?
2, 3, 7, 19, 467, 733
What are the prime factors of 1017572139?
3, 12562619
What are the prime factors of 84322018?
2, 11, 499, 7681
List the prime factors of 61586546.
2, 7, 17, 29, 8923
List the prime factors of 1065802716.
2, 3, 11, 2691421
List the prime factors of 23260145.
5, 4652029
What are the prime factors of 53507431?
61, 97, 9043
List the prime factors of 1101839760.
2, 3, 5, 7, 2699
List the prime factors of 776081116.
2, 194020279
What are the prime factors of 227925402?
2, 3, 37, 61, 16831
List the prime factors of 5467327959.
3, 17, 5431, 19739
List the prime factors of 3528582856.
2, 1427, 309091
What are the prime factors of 311282441?
191, 1187, 1373
What are the prime factors of 301224364?
2, 7, 193, 7963
What are the prime factors of 4177874841?
3, 7, 983, 202387
List the prime factors of 464706780.
2, 3, 5, 131, 59123
List the prime factors of 216397725.
3, 5, 1039, 2777
What are the prime factors of 203066889?
3, 19, 3562577
List the prime factors of 70729663.
3607, 19609
What are the prime factors of 234978451?
234978451
List the prime factors of 8227188.
2, 3, 173, 1321
What are the prime factors of 44467848?
2, 3, 43, 53, 271
List the prime factors of 218366273.
218366273
List the prime factors of 76332142.
2, 17, 2245063
What are the prime factors of 1293503740?
2, 5, 107, 604441
List the prime factors of 500120403.
3, 59, 131, 21569
List the prime factors of 74095165.
5, 233, 63601
List the prime factors of 127003549.
17, 227, 32911
What are the prime factors of 3542108887?
31, 1913, 59729
List the prime factors of 55565978.
2, 13, 2137153
List the prime factors of 260452755.
3, 5, 83, 137, 509
What are the prime factors of 15027883?
13, 37, 157, 199
List the prime factors of 2678781793.
43, 73, 853387
List the prime factors of 11196029.
13, 601, 1433
List the prime factors of 1655474146.
2, 181, 4573133
What are the prime factors of 98893167?
3, 3529, 9341
What are the prime factors of 403495153?
17, 19, 73483
List the prime factors of 3701303403.
3, 7, 1031, 170953
List the prime factors of 154022116.
2, 73, 239, 2207
List the prime factors of 88565622.
2, 3, 337, 43801
List the prime factors of 254305691.
254305691
What are the prime factors of 1060842360?
2, 3, 5, 2029, 4357
What are the prime factors of 30687961?
30687961
What are the prime factors of 55416738?
2, 3, 13, 29, 24499
What are the prime factors of 501284943?
3, 1033, 1997
What are the prime factors of 5270707?
13, 405439
What are the prime factors of 6892732631?
28387, 242813
List the prime factors of 359918126.
2, 739, 243517
What are the prime factors of 6213526526?
2, 10487, 296249
What are the prime factors of 606335647?
43, 14100829
List the prime factors of 77964543.
3, 19, 455933
What are the prime factors of 26325119?
26325119
What are the prime factors of 125293625?
5, 1002349
What are the prime factors of 11776768?
2, 179, 257
List the prime factors of 358907639.
73, 107, 45949
List the prime factors of 340606514.
2, 53, 3213269
List the prime factors of 106432219.
106432219
What are the prime factors of 22996562?
2, 2521, 4561
What are the prime factors of 1965319?
17, 193, 599
List the prime factors of 99442722.
2, 3, 16573787
List the prime factors of 12241692.
2, 3, 37783
List the prime factors of 57362627.
7, 8194661
List the prime factors of 148847563.
17, 271, 32309
What are the prime factors of 85206830?
2, 5, 19, 23603
List the prime factors of 2209437888.
2, 3, 7, 941, 1747
What are the prime factors of 3621216459?
3, 7, 172438879
What are the prime factors of 29981169?
3, 1237, 2693
What are the prime factors of 31708460?
2, 5, 7, 293, 773
What are the prime factors of 19371302?
2, 9685651
List the prime factors of 575487744.
2, 3, 13, 57641
List the prime factors of 524610004.
2, 17, 61, 126473
List the prime factors of 35606281.
1949, 18269
What are the prime factors of 1324712279?
11, 151, 797539
List the prime factors of 881290225.
5, 457, 77137
List the prime factors of 775024307.
19, 23, 1773511
What are the prime factors of 120197313?
3, 13355257
What are the prime factors of 29822878?
2, 14911439
What are the prime factors of 79877617?
43, 619, 3001
List the prime factors of 132765170.
2, 5, 13276517
What are the prime factors of 3069365757?
3, 43, 23793533
What are the prime factors of 18586110?
2, 3, 5, 619537
List the prime factors of 111885190.
2, 5, 29, 385811
What are the prime factors of 820312683?
3, 911, 300151
What are the prime factors of 16712127?
3, 1856903
List the prime factors of 282943569.
3, 43, 1481
List the prime factors of 55327534.
2, 29, 953923
What are the prime factors of 179412306?
2, 3, 29902051
What are the prime factors of 2240555122?
2, 13, 86175197
List the prime factors of 20162860.
2, 5, 919, 1097
List the prime factors of 3130425848.
2, 11, 37, 87403
List the prime factors of 35131513.
19, 47, 39341
What are the prime factors of 3747995?
5, 587, 1277
List the prime factors of 874844346.
2, 3, 419, 347989
List the prime factors of 145829373.
3, 3623, 13417
What are the prime factors of 328020968?
2, 11, 881, 4231
List the prime factors of 2561581613.
2879, 889747
What are the prime factors of 2279957250?
2, 3, 5, 19, 193, 829
List the prime factors of 789543277.
789543277
What are the prime factors of 15328400?
2, 5, 38321
What are the prime factors of 479569418?
2, 4373, 54833
What are the prime factors of 161852955?
3, 5, 11, 23, 42649
What are the prime factors of 128781733?
461, 279353
List the prime factors of 882269492.
2, 13, 191, 211, 421
List the prime factors of 156149921.
23, 97, 69991
List the prime factors of 36084890.
2, 5, 3608489
List the prime factors of 103453379.
23, 4497973
List the prime factors of 5412888718.
2, 373, 7255883
What are the prime factors of 172446269?
2269, 76001
List the prime factors of 391135813.
17, 53, 434113
What are the prime factors of 120716102?
2, 13, 4642927
List the prime factors of 1942518726.
2, 3, 35972569
What are the prime factors of 1446270550?
2, 5, 1481, 19531
List the prime factors of 626005422.
2, 3, 7, 83, 739
List the prime factors of 6764145.
3, 5, 450943
List the prime factors of 45486308.
2, 7, 232073
List the prime factors of 39613995.
3, 5, 17, 41, 421
What are the prime factors of 4498462?
2, 2249231
List the prime factors of 283240.
2, 5, 73, 97
What are the prime factors of 108518215?
5, 13, 19, 87869
What are the prime factors of 3789545182?
2, 23, 82381417
List the prime factors of 2019522085.
5, 7, 47, 193, 6361
What a